
Convert -1c7a (base 15) to base 6.
-44354
What is -2784022 (base 12) in base 7?
-124015025
What is -1664407 (base 9) in base 3?
-1202011110021
-65458 (base 13) to base 15
-393ba
What is 21122121020 (base 3) in base 4?
210301110
-2d9d7 (base 14) to base 11
-78aa2
What is 2326702 (base 10) in base 2?
1000111000000010101110
-1617873 (base 9) to base 2
-11011011010001000001
Convert -5d3b (base 14) to base 10.
-16321
11310130 (base 4) to base 12
11964
What is -1001110010100101101101 (base 2) in base 7?
-30546351
Convert 12556113 (base 7) to base 6.
40444250
b9030 (base 16) to base 7
6304232
Convert 116770 (base 9) to base 16.
113d6
-68d191 (base 14) to base 11
-2019438
-13c9b61 (base 13) to base 9
-12770011
-862839 (base 12) to base 16
-20582d
What is -4147250 (base 9) in base 14?
-4199dd
1596814 (base 12) to base 4
100321020100
Convert 50680 (base 9) to base 6.
414243
8597923 (base 10) to base 3
121011211010121
What is -1865362 (base 9) in base 13?
-2a8816
What is -1011111101000010100 (base 2) in base 9?
-656272
668073 (base 9) to base 4
1201203012
What is -10121021211 (base 3) in base 13?
-26389
-214303402 (base 5) to base 6
-31545315
What is -13233002 (base 4) in base 5?
-2003212
Convert -100121211 (base 5) to base 16.
-607ad
3233310 (base 4) to base 13
6ca8
190ccc (base 15) to base 16
129564
What is 254454532 (base 6) in base 11?
28a4767
Convert -2722516 (base 10) to base 6.
-134204124
Convert -2919db (base 15) to base 12.
-7b59a5
1011221212210120 (base 3) to base 8
100624037
-3303101 (base 5) to base 14
-16907
What is 3015200 (base 6) in base 5?
14024131
9455781 (base 10) to base 2
100100000100100010100101
4300552 (base 6) to base 15
4240e
-811736 (base 11) to base 13
-369161
-5400844 (base 11) to base 6
-535403253
What is 130330134 (base 5) in base 12?
268286
What is 8b1a0 (base 14) in base 7?
2604660
Convert 22286 (base 14) to base 5.
10122310
Convert 535852 (base 12) to base 4.
11001111332
What is -f2b86 (base 16) in base 15?
-14988c
What is -21563464 (base 7) in base 10?
-1864447
What is -18314 (base 13) in base 16?
-b645
What is -4385435 (base 10) in base 3?
-22020210200112
What is 1054452220 (base 6) in base 9?
24015233
-1016 (base 16) to base 2
-1000000010110
Convert 623661 (base 8) to base 3.
101111122010
-144540 (base 9) to base 2
-10101101001001010
What is -452663 (base 7) in base 14?
-2136a
Convert -433104 (base 7) to base 13.
-284a9
Convert -1291bc (base 13) to base 16.
-6d800
Convert -203970a (base 11) to base 16.
-36ee09
Convert 201414241 (base 5) to base 13.
224c38
Convert -1110100101011101000 (base 2) to base 9.
-807531
What is 10672440 (base 8) in base 6?
121450024
What is 252887 (base 10) in base 3?
110211220012
-5944b (base 12) to base 3
-20002102112
What is 110011120010 (base 3) in base 5?
30131040
120130133 (base 4) to base 16
1871f
4667716 (base 8) to base 13
357a41
What is ebd39 (base 15) in base 6?
24014530
-453354 (base 8) to base 2
-100101011011101100
33945 (base 10) to base 6
421053
Convert -134230 (base 10) to base 4.
-200301112
3856 (base 9) to base 2
101101000110
Convert -1001101001010111110 (base 2) to base 12.
-132b12
Convert 428639 (base 10) to base 2.
1101000101001011111
Convert -111351 (base 12) to base 14.
-71097
What is -1713069 (base 10) in base 14?
-328421
Convert 33310121130 (base 4) to base 8.
17643134
What is -312201322 (base 4) in base 2?
-110110100001111010
What is -2848406 (base 11) in base 14?
-918240
What is 330303132 (base 5) in base 8?
5315552
Convert -2253643 (base 8) to base 7.
-5130004
What is 14405066 (base 7) in base 10?
1363130
Convert -1023123 (base 8) to base 16.
-42653
Convert -718b9 (base 12) to base 4.
-210023031
What is 25022753 (base 8) in base 5?
2402432411
Convert 2c01345 (base 13) to base 9.
28487783
-240884 (base 9) to base 12
-6bb4a
What is -7dd0a (base 15) in base 12?
-174201
Convert -10001000001110101000 (base 2) to base 13.
-166c96
-1919448 (base 10) to base 12
-786960
-20010201202 (base 3) to base 8
-353762
-122756 (base 10) to base 11
-84257
-643694 (base 12) to base 7
-16306345
-344419 (base 14) to base 2
-110110010010011100111
What is 552331410 (base 6) in base 13?
2093835
-121003031 (base 4) to base 2
-11001000011001101
-a141 (base 11) to base 9
-20433
-1583b4 (base 13) to base 7
-4344656
Convert -7314231 (base 8) to base 5.
-444031414
-1b374 (base 13) to base 9
-81135
Convert -100100100001011 (base 2) to base 13.
-8685
117f2 (base 16) to base 4
101133302
What is 3c4ea (base 16) in base 15?
4d2cd
What is 1cede8 (base 15) in base 3?
2200000010102
What is -da7e (base 15) in base 9?
-70382
231303202102 (base 4) to base 11
6861513
Convert 152150 (base 11) to base 16.
39e26
33202100 (base 4) to base 9
106252
-155012454 (base 6) to base 9
-6211547
3211132000 (base 4) to base 14
1a6760
Convert 19d8a0 (base 16) to base 10.
1693856
Convert -12a3414 (base 11) to base 3.
-11020000222001
Convert 29aa49 (base 12) to base 14.
14430d
-2d73d2 (base 15) to base 16
-21971c
324572 (base 9) to base 3
100211122102
What is -82595 (base 10) in base 2?
-10100001010100011
325351 (base 7) to base 4
31330201
What is -22190a (base 14) in base 9?
-2153083
Convert -1432627 (base 9) to base 2.
-11000000101100101001
Convert 456564 (base 10) to base 7.
3611043
Convert -682d3 (base 14) to base 15.
-4ee85
What is -2101222011 (base 3) in base 9?
-71864
Convert 65581 (base 11) to base 13.
34439
Convert 26312214 (base 7) to base 12.
980859
Convert -120091 (base 10) to base 15.
-258b1
9392223 (base 10) to base 14
1366b71
What is 15ba041 (base 12) in base 2?
10001000100101010110001
17292 (base 11) to base 12
12091
2202122111 (base 3) to base 14
15b90
-20e959 (base 15) to base 6
-53335433
Convert 3bec2 (base 16) to base 12.
ba056
Convert 22303132002 (base 4) to base 13.
7821c0
Convert 383a87 (base 12) to base 13.
26246b
Convert -1114114214 (base 5) to base 4.
-21133211230
Convert 54665 (base 15) to base 16.
41726
What is 3bbab (base 12) in base 2?
10100001111110011
Convert -1615768 (base 10) to base 4.
-12022132120
What is 110112221101201 (base 3) in base 6?
354553544
What is -1010011011111111000 (base 2) in base 14?
-8c8d2
Convert -11110111110020 (base 3) to base 16.
-2430b7
Convert 11231110241 (base 5) to base 4.
300221232131
-4371307 (base 8) to base 15
-1837c8
What is 101540223 (base 6) in base 13?
49cab5
What is 36775756 (base 8) in base 4?
132333233232
-10a45 (base 12) to base 14
-815b
What is 27986 (base 13) in base 2?
10010000110010100
-140160440 (base 7) to base 6
-522501122
Convert 30996 (base 15) to base 3.
21211022020
Convert -545a (base 12) to base 16.
-2446
What is -1112200211001 (base 3) in base 14?
-17514c
Convert -2a4554 (base 11) to base 3.
-220002220002
Convert -13133001113 (base 4) to base 8.
-7370127
248578 (base 9) to base 16
24c7a
101110101110101001 (base 2) to base 6
4034041
-4140400 (base 5) to base 9
-113525
Convert -1ac008 (base 14) to base 15.
-13ce15
30510524 (base 7) to base 15
357ad8
-44060474 (base 8) to base 11
-5382aa8
614b0 (base 12) to base 3
20110000020
What is 175a6 (base 15) in base 12?
37863
Convert 437603 (base 9) to base 4.
333311133
What is -10110101001001111 (base 2) in base 16?
-16a4f
-23131 (base 7) to base 12
-34ba
-1133323304 (base 5) to base 15
-3710d9
What is 101000000010 (base 3) in base 13?
6b790
-323303130 (base 6) to base 4
-111332322132
91015 (base 10) to base 6
1541211
506942 (base 13) to base 14
369d0a
Convert 4217915 (base 10) to base 14.
7bb1d9
Convert 1021334 (base 7) to base 14.
32b54
-4a3e7 (base 15) to base 12
-b529a
Convert 2a4289 (base 13) to base 15.
1575c5
Convert 31061b (base 12) to base 3.
1110000122212
What is a56314 (base 13) in base 8?
16605401
-20211201100 (base 3) to base 4
-200320002
-100220110102 (base 3) to base 7
-1441310
Convert 20012021 (base 3) to base 10.
4516
-1d36c (base 16) to base 7
-1005602
34050 (base 12) to base 13
25647
What is -7821 (base 10) in base 9?
-11650
1000000021222 (base 3) to base 15
a77db
What is -93352 (base 11) in base 12?
-66986
Convert -570694 (base 10) to base 3.
-1001222211211
Convert 540461 (base 7) to base 16.
16eb6
-42014 (base 11) to base 9
-103005
Convert 112333030 (base 4) to base 3.
11210011021
22112120130 (base 4) to base 3
12002211200210
What is -204223 (base 7) in base 9?
-53131
What is -